mainder when 24 is divided by x(d)?
6
Let n(k) = 4*k - 17 + 9 - 16*k**2 - k**3 - 14 - 34*k. What is the remainder when 28 is divided by n(-14)?
4
What is the remainder when 404 is divided by ((-4437)/(-68) - -18) + (-3)/(-4)?
68
Let g(p) = -p**3 - 5*p**2 - 4*p - 5. Let z be g(-5). Let n = 86 + -52. What is the remainder when n is divided by (z/20)/(2/32)?
10
Suppose -15 = -7*z + 300. Suppose 0 = -5*i + 234 + 651. What is the remainder when i is divided by z?
42
Suppose 3*b + 9*f = 10*f + 77, 102 = 4*b - 2*f. Calculate the remainder when 35 is divided by b.
9
Suppose -z - 13 + 123 = 0. Let t(c) = -c**2 - 6*c - 1. Let y be t(-5). Suppose 0 = y*i + 81 - 193. What is the remainder when z is divided by i?
26
Let g(w) = 13*w - 29. What is the remainder when 114 is divided by g(3)?
4
Suppose 339 = 4*m + 179. Calculate the remainder when 68 is divided by m.
28
What is the remainder when (-162)/(-378) + 5538/14 is divided by 60?
36
Suppose 0 = -4*w - 534 - 446. Let z = -146 - w. Suppose 5*a = -2*x - 2*x + 101, -4*x = 3*a - z. Calculate the remainder when x is divided by 9.
6
Suppose 105*o - 561 = 804. What is the remainder when 178 is divided by o?
9
Suppose d + 0*a + 2*a - 28 = 0, -4*d - 2*a + 82 = 0. Let s be (-4)/(-6) - (-5)/15. Calculate the remainder when d is divided by -2 + 3 + (5 - s).
3
Let z(h) be the third derivative of 1/10*h**5 + 1/120*h**6 + 0*h + 1/12*h**4 - 1/3*h**3 + 0 - 7*h**2. What is the remainder when 75 is divided by z(-5)?
10
Let x be (-8 - 4)/((-4)/14). Suppose -4*j - 72 = -4*i, 5*j + x = -i + 3*i. What is the remainder when 110 is divided by i?
14
Suppose -4*p + 644 + 493 = f, -5*f + 857 = 3*p. Calculate the remainder when p is divided by 26.
24
What is the remainder when 431 is divided by 1/((-10)/(-361)) + (-2)/20?
35
Let g = -2037 + 2057. Calculate the remainder when 339 is divided by g.
19
Suppose -31*r + 34*r = 387. Suppose -5*v + r = 2*s, -3*s - 3*v = 2*v - 186. Calculate the remainder when s is divided by 12.
9
Let u be (-3 + 12/4)/(-1). Suppose u = -m - m. What is the remainder when (-3 - -10)*(m - -1) is divided by 5?
2
Let q = 1 - -1. Suppose 13 = -2*v + q*r + 55, -5*r = 3*v - 23. Let j(x) = -x**3 + 43*x**2 - 1718. Calculate the remainder when j(42) is divided by v.
14
Suppose j = 5*n + 92, 15 = -2*j - 3*j. Let m = n - -31. Calculate the remainder when 105 is divided by m.
9
Suppose -15*m + 14*m + 6 = 4*b, -5*m + 72 = -b. What is the remainder when 383 is divided by m?
5
Let l(u) = 9*u - 170. Calculate the remainder when l(24) is divided by 25.
21
Suppose h - 43 = 368. What is the remainder when h is divided by 105?
96
Let l(f) = 777*f**2 - f. Let m be l(-1). Suppose -6*c + m + 650 = 0. What is the remainder when c is divided by 40?
38
Suppose 2*h + 8 = 6*h. Let x(k) = 0*k - 1 + 5*k - h*k. Calculate the remainder when 91 is divided by x(8).
22
Let u = -29 + 56. Calculate the remainder when 50 - 4 - (-2 + 6 + -9) is divided by u.
24
Let y(h) = 2*h**2 - 3*h + 12. Suppose 45 + 25 = 10*s. Suppose -m = -4*m + 69. Calculate the remainder when y(s) is divided by m.
20
Calculate the remainder when 118 is divided by (3 + (-116)/(-28))/((-17)/(-238)).
18
Let h(m) = -6*m - 6. Let c be h(3). Let u = c + 28. Suppose u*j + 2*d = 350, j - 3*d - d = 101. What is the remainder when j is divided by 23?
20
Let y = 55 + 2. Let a = y - 38. Calculate the remainder when a is divided by 11.
8
Let m = 873 + -711. What is the remainder when m is divided by 33?
30
Let z be ((-12)/10)/(9/(-150)). Suppose z = k + 8. Calculate the remainder when 22 is divided by k.
10
Let y = 31 + -25. What is the remainder when 11 is divided by y?
5
Let n = 110 - 45. Calculate the remainder when n is divided by 43.
22
Let n = 395 - 289. Calculate the remainder when n is divided by 9.
7
Let q = 20 + -17. Suppose 0 = -q*d - d + 212. Calculate the remainder when d is divided by 14.
11
Suppose 4*y - 152 = 6*y. Let m be y/(-6)*(-6)/(-4). Let d = 32 - m. Calculate the remainder when 51 is divided by d.
12
Suppose -6*i = -2*i - 312. Let v(m) = -m - 10. Let s be v(-15). Suppose 3*y + i = s*y. Calculate the remainder when y is divided by 14.
11
Suppose -96*a = -80*a - 1904. Calculate the remainder when a is divided by 21.
14
Let b = -13 - -16. Suppose 5*o - 172 = j + 3*j, b*o - 111 = 5*j. Let x = 29 - 12. Calculate the remainder when o is divided by x.
15
What is the remainder when (-11)/((8/(-16))/((-1)/(-2))) is divided by 6?
5
Suppose -6*k + 4*k = 0. Let t be (-273)/(-84)*(3 + 1). Suppose k = -d - t + 28. What is the remainder when d is divided by 6?
3
Calculate the remainder when -2 - (-70 + 6 + -10 + 6) is divided by 28.
10
Let o(i) = i**3 - 3*i**2 + 9*i - 10. Let a be o(4). Suppose -a = 2*v - 64. Calculate the remainder when 219 is divided by v.
10
Suppose 11*y = -28*y + 3978. Calculate the remainder when y is divided by 30.
12
Suppose -286*q + 279*q = -238. What is the remainder when 338 is divided by q?
32
Suppose -5*y + 9 = -6. Let w = 32 - y. What is the remainder when w is divided by 8?
5
What is the remainder when 202 is divided by 21*((-423)/(-126) - 15/6)?
4
Let k = -416 - -455. Let b(v) be the first derivative of -2*v**2 + 5*v - 2. What is the remainder when k is divided by b(-4)?
18
Let p be ((-14)/6)/(6/(-18)). Suppose 0 = -3*j + 26 + p. Calculate the remainder when 43 is divided by j.
10
Let d = -392 + 668. What is the remainder when d is divided by 72?
60
What is the remainder when 243 is divided by 2/1 + (3 - -10 - -20)?
33
Calculate the remainder when 18/4 + (-1)/(-2) is divided by (-144)/(-16)*(15/27)/5.
0
Suppose 5*z = -4*z + 63. Let y = 5 + 8. What is the remainder when y is divided by z?
6
Suppose 3*r - 10 = 2*r. Suppose r = 5*w - 10. What is the remainder when 26 + (-1 - -1) - (-24 - -27) is divided by w?
3
Suppose -13*k + 9*k + 296 = 0. Calculate the remainder when (k - 3) + (1 - 5) is divided by 17.
16
Let r = -15 - -23. Let a = -42 + 86. Suppose 3*x = -2*w - x + 22, -3*w + 5*x = -a. Calculate the remainder when w is divided by r.
5
Suppose 7*l + 1752 = 5224. What is the remainder when l is divided by 71?
70
Let k(j) = -7*j**3 + 2*j**2 + 2*j - 1. Let a be k(2). Let b = -38 - a. Calculate the remainder when 26 is divided by b.
5
Let g(u) = -3*u + 0*u + 6*u**2 - 3 + u. Suppose 2*m - 6 = 0, 3*v - v - 11 = -5*m. What is the remainder when 74 is divided by g(v)?
24
Let w = 838 - 582. Calculate the remainder when w is divided by 66.
58
Suppose 52 = w - 8. Let s = 67 - w. Calculate the remainder when 53 is divided by s.
4
Let j(o) = -o**2 - 20*o - 51. What is the remainder when 116 is divided by j(-5)?
20
Let m(o) = -5*o**2 + 34*o - 10. Suppose -2*w = -0*w - 80. Calculate the remainder when w is divided by m(6).
12
Let g(q) = -32*q - 1386. Suppose 84 = 2*v + 2. What is the remainder when v is divided by g(-44)?
19
Calculate the remainder when -22 - (-18 - -7) - -198 is divided by 11.
0
Suppose 2*o - 4*u - 77 = -57, 5*u - 20 = 0. Calculate the remainder when 32 is divided by o.
14
What is the remainder when -7*4*45/(-35) is divided by 15?
6
Suppose -10 = h - 128. Suppose -5*w + 57 = -h. What is the remainder when w is divided by 18?
17
Suppose 4*b - 33 = 31. Let j(f) = f**3 - 16*f**2 + 18*f - 8. Calculate the remainder when j(15) is divided by b.
5
Let l = 1110 - 1105. Let h(n) = 5*n**2 - 3*n. Calculate the remainder when h(2) is divided by l.
4
Let f be ((-6)/8)/(27/(-72)). Calculate the remainder when 16 is divided by 4 - (2 - 5)*f.
6
Let y(g) be the third derivative of -5*g**4/24 - 13*g**3/6 + 18*g**2. What is the remainder when 66 is divided by y(-6)?
15
Suppose 224 = -3*p - 5*p. Calculate the remainder when 36 is divided by (p/(-42) - (-106)/12)*2.
17
Suppose 26 = 3*y + d, 5*y + 4*d - 29 - 19 = 0. Suppose 0*c - 5*o = -c + y, -c = o - 20. Calculate the remainder when 88 is divided by c.
16
Let f = 152 + 62. Calculate the remainder when f is divided by 36.
34
Suppose 0 = -5*f - 5*y + 145, -5*f = y - 12 - 117. Calculate the remainder when 47 is divided by f.
22
Let f = 0 + 1. Let c be (-2)/((-8)/6 + 2). Let g = f - c. What is the remainder when 7 is divided by g?
3
Let u(y) = y**3 + 17*y**2 + 28*y + 7. Calculate the remainder when 155 is divided by u(-15).
7
Let v(x) = x**3 + 9*x**2 + 9*x + 2. Suppose 3*q = -0*q + 42. What is the remainder when 